of g and 60.
12
Let h(c) = 5*c**3 - 1. Let u be h(1). Suppose 3*r - 648 = u*s, -4*s = -r - 0*s + 216. What is the greatest common factor of 24 and r?
24
Let m(v) = v + 23. Let s be m(44). Calculate the highest common divisor of 3953 and s.
67
Suppose w + 3*w = -3*q + 14, 2*w = 4*q + 18. Calculate the greatest common divisor of 3 and w.
1
Let k(c) = 37*c + 1. Let r(f) = f + 1. Let g(q) = k(q) + 4*r(q). Let h be g(3). Let z be -1 + (-1 - 1 - -35). Calculate the highest common divisor of z and h.
32
Suppose -4*l = -0*l - 44. Let f be (-4)/(-10) + 4359/15. Let o = f - 192. What is the highest common divisor of l and o?
11
Suppose -25 = -5*n - 5*s, 4*n - 44 + 17 = 3*s. Let j(f) = 16*f**2 - 2*f - 2. Let c be j(-2). What is the highest common divisor of n and c?
6
Let t be (507/15 - (-4)/(-5)) + -3. Suppose 5*m - t = -0*m. Calculate the greatest common factor of m and 162.
6
Let n = -68 + 361. Let l = n - 153. What is the highest common factor of 20 and l?
20
Let r = 6 + -1. Suppose 246 = r*t + 46. Suppose 20 = -7*g + 9*g. Calculate the greatest common divisor of g and t.
10
Suppose -d + 1409 = 2*f, -22*d + 23*d = 5. Calculate the greatest common divisor of f and 54.
54
Let a = 30 + -59. Let u = a + 32. Let t(p) = -p**2 + 5*p + 6. Let q be t(5). What is the highest common divisor of u and q?
3
Let d(x) be the second derivative of 1/20*x**5 - 3/2*x**2 - 3*x + 0 + 1/3*x**4 - 1/2*x**3. Let n be d(-4). What is the highest common divisor of n and 18?
9
Let p be 6 + -8 - 8/(-2). Suppose 3*j = p*z + 27, 5*j = j - 20. Let i = z + 37. What is the highest common divisor of 2 and i?
2
Let x be ((-185)/15 + 15)*(-39)/(-4). Calculate the highest common divisor of x and 91.
13
Let k(v) = -8 - 114*v + 118*v + 3. Let t(u) = u**3 - 3*u**2 + 2. Let i be t(3). Let r be k(i). What is the highest common factor of r and 3?
3
Let k(r) = -6*r + 16. Let l be k(-19). Calculate the greatest common divisor of 10 and l.
10
Let x = -895 + 914. Suppose d = 2*g - 413, -4*g = -5*d - 0*d - 811. Calculate the greatest common factor of x and g.
19
Let i = 122 + -69. Let t = i - -93. Let z = t + -83. What is the highest common factor of 42 and z?
21
Let q(r) = 11*r**2 + 31*r - 52. Let j be q(7). Calculate the greatest common factor of j and 88.
88
Let h be (-24)/(-16)*2/(-3) - -33. Let x = -29 + h. Calculate the greatest common divisor of 39 and x.
3
Let d be (12 - (-2 - -25)) + 239. Calculate the highest common divisor of d and 8.
4
Let y = -6 + 30. Let i be -2*((-424)/304 + (-2)/19). What is the greatest common factor of i and y?
3
Suppose 31*k - 16515 = 22*k. What is the greatest common factor of 5 and k?
5
Let s(h) = 13*h**2 - 1. Let q be s(1). Let y = 3689 + -3605. Calculate the highest common divisor of q and y.
12
Let a be 2/8*-2*-12. Suppose d - i = -43, 2*d + 5*i - 169 = 6*d. Let t = a - d. What is the highest common factor of 13 and t?
13
Suppose -20*i + 4*k = -19*i - 85, 0 = -2*k + 4. Calculate the greatest common divisor of 62 and i.
31
Suppose 156*h - 143*h = 1131. Calculate the highest common divisor of 261 and h.
87
Suppose 9*j = 5*j + 424. Calculate the highest common factor of j and 159.
53
Let q = 913 + -892. Calculate the highest common factor of q and 6.
3
Let p = 75 + -75. Suppose 67 = 3*s + 4*x, s - 5*x - 47 + 12 = p. Calculate the highest common divisor of s and 225.
25
Suppose 5*a = -0*a + 60. Let t = 56 + -27. Suppose -q - 2*h = -4*q + 16, -4*q - 5*h = -t. Calculate the highest common divisor of q and a.
6
Suppose -2*y + 205 = f, -4*y + 261 = -2*f - 129. What is the greatest common divisor of y and 160?
20
Let n = -12 - -8. Let b be (n/6)/(3/(-18)). Let d be (8/(-5))/(21/(-420)). What is the greatest common divisor of d and b?
4
Let g = 13 + 4. Let u = -44 + 96. Let p = u + 33. Calculate the greatest common factor of g and p.
17
Let d = 13 - -224. Suppose -3*j + 156 = 4*o, 6*o + d = 5*j + 5*o. What is the greatest common factor of 32 and j?
16
Let f(k) = -k - 5. Let m be f(-4). Let y be (m/1)/(1/(-4)). Let g be 11 + 0/(-1) + y. Calculate the greatest common factor of g and 5.
5
Suppose -p - h = 212 - 1264, 0 = -4*h - 16. What is the greatest common factor of p and 36?
12
Suppose 4 = 7*x - 2*x - 4*s, -12 = 2*x - 5*s. Suppose -x*p + 14 - 2 = 0. Let d be 1 + (3 - p) - -16. What is the greatest common divisor of d and 68?
17
Let g be 9/(-6)*20/(-6). Let m be 2*(g/(-1) - -3). Let c(j) = 10*j**2 + j - 2. Let z be c(m). What is the highest common divisor of z and 22?
22
Let h(z) = -35*z - 165. Let b be h(-25). What is the greatest common factor of b and 10?
10
Let m(v) = v**3 - 12*v**2 - 12*v - 13. Let s be m(13). Let t be s + -3 + (0 - -22). Calculate the highest common factor of 95 and t.
19
Suppose -8*k = 7*k - 1155. What is the highest common divisor of k and 693?
77
Let h = -28750 + 28758. Suppose 0*g - 3*m = 5*g - 97, 0 = -4*g + 4*m + 84. Calculate the highest common factor of g and h.
4
Let o = -36 - -60. Let j = 177 - 69. Let h = j + 84. What is the highest common divisor of h and o?
24
Suppose -5*q + 50 - 9 = 3*w, 0 = -4*q + 16. Suppose 0 = -r + 19 + w. Calculate the greatest common divisor of 13 and r.
13
Let j = -2086 + 2124. What is the highest common divisor of j and 1026?
38
Let s be ((-343)/28 - -7)*(-52)/3. What is the greatest common divisor of s and 21?
7
Let b = -34 - -36. What is the highest common divisor of 1 and b?
1
Let l be (1 - 2) + (5 - (4 + 4)). Let n be 22 - (0 + (4 - (7 + l))). Calculate the highest common factor of n and 7.
7
Let r(y) = -y**3 + y**2 - 7*y - 1. Let m be r(6). Let u = 335 + m. What is the highest common factor of 16 and u?
16
Suppose 0*y = -4*y + 44. Let m(a) = 64*a + 99. Let g be m(0). What is the highest common factor of y and g?
11
Let t(x) = -x**3 + 17*x**2 - 14*x - 7. Let p(j) = 9*j - 2. Let s be p(2). Let c be t(s). Calculate the highest common divisor of c and 25.
25
Let h be (-4228)/(-8) + (-2)/(-4). Suppose 0 = 4*s - 47 - h. What is the greatest common divisor of s and 9?
9
Suppose 0 = -3*n + 4*f + 10, -4*f + 32 = -11*n + 15*n. What is the highest common divisor of n and 166?
2
Suppose 5*n + 2*g = 7*g - 35, 0 = -3*n + 5*g - 29. Let h = 19 - 12. Let x = n + h. What is the greatest common factor of 10 and x?
2
Let a = -303 + 789. Suppose 4*r = 5*k + a, -4*k + 1 - 9 = 0. Suppose -9*c = -12*c + 51. Calculate the highest common factor of c and r.
17
Suppose 4*i + 4*s - 78 = -i, 0 = -i + 4*s + 30. Let j = 46 + -22. Let r be 4/3*(-27)/j*-30. Calculate the greatest common divisor of i and r.
9
Let f be 6/4*492/18. What is the greatest common factor of 1107 and f?
41
Let j(l) = 25*l**2 + 31*l - 30. Let i be j(-5). What is the greatest common divisor of 120 and i?
40
Suppose -3*y = -3*u - 24, y + 5*u + 16 = 3*y. Let h be y/4*((-1 - -4) + -2). What is the greatest common factor of 1 and h?
1
Let p be 2579/6 - 0 - 22/(-132). Calculate the greatest common factor of p and 30.
10
Let i(w) = -3*w - 10. Let s(h) = 1. Let p(g) = i(g) - 4*s(g). Let m be p(-9). What is the highest common factor of m and 26?
13
Let n be -1 - -9*(-14)/(-21). Calculate the highest common factor of n and 5.
5
Let d(g) = 5*g**2 - 12*g - 4. Let z be d(6). Calculate the highest common divisor of z and 299.
13
Suppose 5*y = 4 + 56. Let v(u) = 3*u**2 - 29*u + 2. Let w be v(y). What is the highest common divisor of 215 and w?
43
Let k(i) = i**2 + 25*i - 184. Let p be k(-31). What is the highest common factor of p and 48?
2
Let k(y) be the first derivative of 4/3*y**3 - 3*y + 11/2*y**2 - 6. Let q be k(-8). What is the highest common divisor of 15 and q?
15
Let o be 1/((-32)/(-10) - 3). Suppose -s - o*s = -270. Calculate the highest common factor of s and 18.
9
Let q(k) = k + 14. Let f be q(-11). Suppose -12 = -f*y - g, -2*y + 0*y + 25 = -5*g. Suppose 0*m - y*m = -140. What is the highest common divisor of m and 84?
28
Let l(y) = 32*y - 181. Let v be l(11). Calculate the highest common factor of v and 9.
9
Let h be (1 + 2)*(-230)/15. Let j = -71 - h. Let v = j + 38. What is the highest common divisor of 52 and v?
13
Let z be -4 + 3 - (25 + -29). Calculate the greatest common divisor of z and 6.
3
Suppose 12 = 983*o - 980*o. Let q = -6 - -4. Let h be 1*(-1 - q)*32. What is the highest common divisor of o and h?
4
Suppose 3*r - 1 - 123 = -2*m, 5*r - 205 = -5*m